ase 4) to base 8.
155124
Convert a49b (base 16) to base 2.
1010010010011011
What is -1720 (base 15) in base 3?
-20211110
Convert 101011 (base 2) to base 14.
31
What is 1a968 (base 13) in base 3?
2122112001
20642 (base 7) to base 12
2b72
Convert -111010111 (base 2) to base 8.
-727
-4525 (base 9) to base 11
-2570
Convert -113321 (base 4) to base 16.
-5f9
Convert -26 (base 13) to base 6.
-52
12770 (base 14) to base 9
68215
17115 (base 11) to base 15
7215
What is -20423 (base 6) in base 3?
-10202220
-1100001 (base 4) to base 16
-1401
What is -1a58 (base 13) in base 6?
-30200
11b2 (base 13) to base 4
213033
What is 298 (base 15) in base 5?
4333
484 (base 14) to base 7
2424
What is -4110 (base 11) in base 7?
-21623
-116 (base 8) to base 3
-2220
Convert -121112 (base 3) to base 14.
-23c
Convert 331143 (base 5) to base 14.
423d
What is 10465 (base 16) in base 3?
10101102221
Convert -48c (base 15) to base 8.
-2010
Convert -142551 (base 7) to base 9.
-41500
What is 2d57 (base 16) in base 4?
2311113
What is -323332 (base 4) in base 15?
-120d
Convert 3230 (base 4) to base 2.
11101100
-12120 (base 4) to base 12
-2a0
Convert -1110101 (base 2) to base 11.
-a7
Convert 11122 (base 6) to base 10.
1562
What is 6bd7 (base 15) in base 2?
101100110001111
What is f14 (base 16) in base 8?
7424
63677 (base 8) to base 16
67bf
-686 (base 13) to base 16
-464
What is -2151 (base 11) in base 13?
-13a5
Convert -cd (base 14) to base 13.
-10c
Convert 1149 (base 15) to base 3.
12000220
What is -35356 (base 10) in base 14?
-cc56
What is -27b (base 14) in base 12?
-359
554 (base 7) to base 8
434
Convert 32242 (base 6) to base 4.
1011002
What is 3234 (base 7) in base 9?
1520
Convert -1210313 (base 5) to base 2.
-101100000110111
What is 9696 (base 10) in base 9?
14263
1363 (base 7) to base 5
4120
Convert -10131 (base 9) to base 7.
-25306
What is -140430 (base 5) in base 11?
-4349
What is -41302 (base 5) in base 16?
-a8e
-60410 (base 7) to base 3
-202001002
-284 (base 13) to base 2
-110111110
Convert -52a8 (base 14) to base 8.
-33664
What is -520 (base 9) in base 6?
-1543
Convert -11011100 (base 2) to base 6.
-1004
Convert -68b7 (base 12) to base 10.
-11659
-154 (base 10) to base 15
-a4
-159 (base 14) to base 3
-101012
-145550 (base 6) to base 4
-3132222
-37a5 (base 13) to base 12
-46b1
What is -1000111111 (base 2) in base 13?
-353
What is -642 (base 12) in base 3?
-1020212
2b1 (base 14) to base 12
397
-40d (base 15) to base 2
-1110010001
8030 (base 15) to base 11
19357
Convert -1281 (base 14) to base 10.
-3249
4156 (base 8) to base 14
b02
100110001010 (base 2) to base 8
4612
What is 557 (base 14) in base 3?
1110011
-22301 (base 4) to base 11
-577
-17533 (base 8) to base 6
-101055
-12065 (base 11) to base 12
-a07a
What is 22814 (base 12) in base 14?
12b28
What is 45776 (base 8) in base 2?
100101111111110
What is -1616 (base 15) in base 16?
-128a
50310 (base 9) to base 15
9bdc
Convert -1c3 (base 15) to base 9.
-503
What is 514 (base 9) in base 12?
2aa
15 (base 6) to base 9
12
10022322 (base 4) to base 10
17082
What is -45a (base 13) in base 9?
-1024
113362 (base 7) to base 9
31017
Convert -73673 (base 8) to base 12.
-158a3
Convert c44 (base 14) to base 3.
10022100
What is -102201010 (base 3) in base 8?
-20527
1786c (base 13) to base 7
246211
Convert 42a6 (base 11) to base 3.
21210110
175 (base 11) to base 9
245
What is 1c3 (base 13) in base 3?
110011
Convert -141255 (base 8) to base 5.
-3043322
What is 1312311 (base 4) in base 2?
1110110110101
Convert -5c1b (base 13) to base 6.
-140205
7d2 (base 14) to base 13
929
-1011002 (base 3) to base 14
-43d
47aa (base 14) to base 5
344443
What is 100100000111 (base 2) in base 15?
a41
Convert 2170 (base 9) to base 13.
963
-2fa (base 16) to base 7
-2136
What is -69b0 (base 14) in base 5?
-1042012
What is 2011222 (base 3) in base 16?
638
835 (base 10) to base 15
3aa
-2121121 (base 3) to base 2
-11101110010
-46858 (base 10) to base 4
-23130022
-21cb (base 15) to base 8
-15776
Convert -8845 (base 11) to base 15.
-36ca
Convert -652 (base 8) to base 11.
-358
-7380 (base 9) to base 10
-5418
Convert 10110110010001 (base 2) to base 6.
130001
15774 (base 9) to base 11
8165
Convert -1425 (base 8) to base 9.
-1066
Convert 1344 (base 9) to base 8.
1764
56315 (base 8) to base 11
16938
223 (base 8) to base 9
173
-be (base 16) to base 10
-190
18004 (base 10) to base 7
103330
What is 28b (base 15) in base 8?
1105
-1636 (base 7) to base 16
-298
Convert 1 (base 5) to base 10.
1
Convert -3311 (base 8) to base 3.
-2101100
What is -587 (base 14) in base 4?
-101023
-288 (base 15) to base 8
-1102
What is 1010200102 (base 3) in base 8?
53537
What is -335 (base 13) in base 8?
-1047
-2b5c (base 14) to base 5
-221401
Convert -1010100111011001 (base 2) to base 6.
-533145
Convert 1882 (base 9) to base 16.
5ab
Convert 54a (base 15) to base 10.
1195
What is -23c (base 13) in base 8?
-605
2323203 (base 4) to base 5
341003
1011122 (base 3) to base 10
854
What is -27041 (base 9) in base 3?
-221001101
Convert 2001200001 (base 3) to base 10.
40582
Convert -364 (base 12) to base 13.
-301
What is 514 (base 7) in base 10?
256
What is 3344 (base 5) in base 6?
2110
Convert 3b0 (base 14) to base 8.
1346
61b8 (base 16) to base 11
17882
Convert 101101010101 (base 2) to base 11.
21a8
1443122 (base 5) to base 15
92e2
-66510 (base 10) to base 2
-10000001111001110
Convert -223 (base 13) to base 12.
-267
1010101001 (base 2) to base 8
1251
8b38 (base 12) to base 13
7058
Convert 31033 (base 6) to base 8.
10035
Convert -10111010101010 (base 2) to base 14.
-44d4
Convert -131 (base 10) to base 3.
-11212
What is 22023 (base 7) in base 8?
12601
Convert -113a7 (base 12) to base 16.
-59ef
259 (base 14) to base 16
1d7
Convert -c5d (base 15) to base 2.
-101011100100
What is 193 (base 11) in base 4?
3133
Convert 251d (base 15) to base 13.
379c
155c (base 15) to base 2
1000111101011
93b (base 16) to base 9
3215
What is -a24 (base 13) in base 10?
-1720
Convert 128 (base 11) to base 10.
151
-100001 (base 2) to base 13
-27
What is 19a9b (base 12) in base 14?
db15
What is -1001100110111 (base 2) in base 10?
-4919
What is -1000221 (base 3) in base 14?
-3bc
Convert -36c (base 16) to base 7.
-2361
Convert 45231 (base 10) to base 6.
545223
What is 1221122 (base 3) in base 2?
10110001101
Convert 111110111 (base 2) to base 3.
200122
What is 114 (base 9) in base 5?
334
-7d42 (base 14) to base 7
-120412
8b24 (base 13) to base 15
5b7a
Convert -429 (base 11) to base 5.
-4030
What is 27076 (base 13) in base 8?
215626
What is 2003 (base 7) in base 10?
689
Convert -269 (base 15) to base 3.
-202100
-412 (base 13) to base 12
-497
21053 (base 6) to base 12
1789
-111011120 (base 3) to base 5
-301400
What is -120202 (base 3) in base 15?
-1d5
-1000212111 (base 3) to base 10
-20317
-1583 (base 10) to base 15
-708
Convert -abcc (base 14) to base 5.
-1423101
-1c30 (base 13) to base 11
-3227
-1374 (base 8) to base 11
-635
-2275 (base 11) to base 7
-11464
Convert -2644 (base 7) to base 2.
-1111110100
1838 (base 10) to base 7
5234
1110112022 (base 3) to base 12
14815
912 (base 14) to base 8
3364
Convert -437 (base 8) to base 6.
-1155
What is -4303 (base 9) in base 15?
-e0c
292 (base 16) to base 12
46a
Convert 2d8 (base 14) to base 2.
1001000110
-353 (base 7) to base 13
-113
-2201 (base 3) to base 16
-49
What is 300b (base 12) in base 4?
1101023
Convert -1425 (base 7) to base 2.
-1000101110
59b1 (base 15) to base 7
106405
-2950 (base 15) to base 16
-2292
What is -3112330 (base 4) in base 14?
-5028
-15547 (base 11) to base 9
-33101
Convert 50a7 (base 12) to base 6.
104331
-376 (base 8) to base 11
-211
What is -12da8 (base 14) in base 13?
-18298
-234 (base 12) to base 5
-2303
What is -114313 (base 5) in base 6?
-32021
Convert -12131 (base 5) to base 6.
-4124
-26518 (base 11) to base 3
-1220222102
What is -240300 (base 7) in base 15?
-ccb0
-3004 (base 6) to base 4
-22030
What is 66d (base 14) in base 15?
59d
Convert -3233 (base 5) to base 16.
-1bb
-1101111010111 (base 2) to base 15
-21a2
What is -30726 (base 12) in base 2?
-1111011100001110
3040 (base 7) to base 10
1057
Convert 1b3b (base 15) to base 13.
28c4
What is -1011 (base 10) in base 9?
-1343
Convert 3440143 (base 5) to base 3.
10010221110
-44211 (base 5) to base 16
-bf0
-104